ds digit of v(11)?
2
Suppose -3*k + 280 + 341 = 0. Suppose -2*b = -5*b + k. What is the tens digit of b?
6
Let i be -3 + -2 + 1 - 5. What is the tens digit of (2/6 + (-33)/i)*31?
2
Suppose 2*q - 42 = -q. Let m = q + -14. Suppose -2*t = 4*i - 37 - 15, -i + 3 = m. What is the units digit of t?
0
Suppose 2*t - 437 = 787. What is the hundreds digit of t?
6
Let c(t) = -71*t + 4. Suppose 0 = 3*q - q, 3 = -3*k - 4*q. What is the tens digit of c(k)?
7
Let s(x) = 21*x**2 + 5*x + 1. Let g be s(2). Suppose k = -4*p + g, -5*p = -k + 4*k - 110. What is the tens digit of p?
2
Suppose -4*d + 2*z + 3646 = 0, 3*d + z = 2178 + 564. What is the units digit of d?
3
Let r(l) = -6*l - 8. Suppose -s + 5*o - 2*o - 13 = 0, -2*s = 2*o - 14. Suppose s*w = -0*w - 26. What is the tens digit of r(w)?
7
What is the units digit of -2 + 412/16 - (-5)/20?
4
Suppose -3*o - 150 = -9*o. Suppose l + 4*l = o. Suppose -d = 3*d + l*u - 48, 5*d - 60 = -u. What is the tens digit of d?
1
Let d(l) = -77*l**3 + 3*l**2 + 5*l + 8. What is the units digit of d(-2)?
6
Let m be ((-4)/10 - -4)*5. Let n = 25 + m. What is the units digit of n?
3
Suppose -3*p = 5*b - 3*b - 374, -4*p = b - 192. Suppose 2*o - 2*l = b, 108 + 82 = 2*o + l. What is the units digit of o?
4
Let z = -6 - 0. Let q be 22 + z + 0/1. Suppose -2*a - 3*g = 2*g - 23, -a - 4*g + q = 0. What is the units digit of a?
4
Suppose 14*w + 2 - 142 = 0. Suppose u = -w*u + 1804. What is the tens digit of u?
6
Let q(w) = 6*w**2 + 7*w + 11. Let b be q(-4). Let u = b - 45. Suppose -u = -f - f. What is the tens digit of f?
1
Suppose 3*n - 56 = 2176. Suppose -5*t + 2*c + n = 0, 4*t - 447 = t + c. What is the units digit of t?
0
Let l = -9 + 12. Let j(n) = 12*n + 4*n**2 - n + n**2 - l*n**2 + 9. What is the units digit of j(-7)?
0
Let o(u) = -6*u + 5*u**3 + 3*u - 1 + u + 4*u - u**2. Let v be o(1). Suppose v*g + d + 2*d = 37, d = -4*g + 31. What is the units digit of g?
8
Let l(a) be the first derivative of a**2/2 + 25*a + 4. What is the tens digit of l(-10)?
1
Suppose -4*n = -2*i - 250, 3*n - n + i - 119 = 0. Let j be n - 3/(12/(-8)). Suppose -7*b = -4*b - j. What is the units digit of b?
1
Let p(y) be the first derivative of y**4/4 - 3*y**3 + 9*y**2/2 + 9*y + 5. Let w be p(8). Suppose 5*t = w + 48. What is the tens digit of t?
1
Suppose 0 = 23*p - 12*p - 4862. What is the hundreds digit of p?
4
Suppose 0 = -3*v - 5*v - 32. Let k = 58 - v. What is the units digit of k?
2
Suppose -4*f - 4*d = -16, -2*d - 16 = f - 2*f. Let j(p) = p**2 - 4*p + 35. What is the units digit of j(f)?
7
Let p = 145 + -74. Let x = 192 - p. What is the tens digit of x?
2
Let k(d) be the second derivative of -d**5/20 - 7*d**4/12 + 2*d**3/3 - d**2/2 + 15*d. What is the tens digit of k(-8)?
3
Let p(j) = j**2 + 18*j + 22. Let d(k) = -16*k**2 + 2*k + 1. Let t be d(-1). What is the units digit of p(t)?
5
Suppose 51*d - 9*d = 75726. What is the units digit of d?
3
Let q(d) = 46*d + 2. Let u(z) = z**3 + 2. Let i be u(-3). Let o = -24 - i. What is the tens digit of q(o)?
4
Let g = -4 - -9. Suppose -139 = -2*x + h, -3*h = -0*x + g*x - 331. What is the tens digit of x?
6
What is the hundreds digit of (-13292)/(-24) - 11/(-66)?
5
Let a(h) = -6*h - 2. Let z be (-1)/(-2)*(3 - 3). Let k be (-10)/2 - z - -3. What is the units digit of a(k)?
0
Let d(p) = -5*p**2 - 1 + p**2 + 6*p**2 - 3*p**2 + 6*p. Let i be d(5). Suppose 4*s + 132 = 8*r - i*r, 2*r = -4*s + 54. What is the tens digit of r?
3
Let x = -456 + 648. Suppose -5*o - p = 3*p - x, -5*o + 190 = 5*p. What is the units digit of o?
0
Let k(c) = -c**2 - 7*c - 1. Let n be k(-5). Let l be (-1 - -3)*(n + 13). Suppose -3*i - 72 = -5*v - i, -2*i - l = -3*v. What is the units digit of v?
4
Let y(z) = 15*z**3 - 4*z**2 - 7*z - 14. What is the thousands digit of y(5)?
1
Let p = 2 + 0. Suppose p*y = -y + 30. Suppose -y*z + 12*z - 56 = 0. What is the units digit of z?
8
Suppose -2*f + 3*f - 752 = 0. Suppose 2*y = -5*p + 1202, -3*p = -2*y - f + 34. What is the hundreds digit of p?
2
Let i be (-6)/2 + 5 - -3. Suppose m - 2 + 6 = 0, -142 = -2*k + i*m. What is the tens digit of k?
6
Let t = 162 - -268. What is the units digit of t?
0
Suppose 2*i + 1 = -5*v, 0 = 3*v + 3*i + 2 + 4. Let q = -62 - -100. Let r = q + v. What is the tens digit of r?
3
Let a(h) = -h**2 + 8*h + 13. Let i be a(9). Let o be (i/(-4))/((-1)/43). Let g = -29 + o. What is the tens digit of g?
1
Suppose -1405*f + 17412 = -1402*f. What is the thousands digit of f?
5
Let t(y) = -y**3 - 6*y**2 + 4*y - 21. Let p be t(-7). Suppose -2*a = -8, p = -3*q + 5*a - 165 + 445. What is the tens digit of q?
0
Let w(q) be the third derivative of -q**6/120 - q**5/20 + 5*q**4/24 + 5*q**3/6 - 6*q**2. What is the tens digit of w(-6)?
8
Let v(y) = -y**3 - 2*y**2 - 9*y + 3. Let r(b) = b**2 - b. Let q be (-2)/13 + 150/(-39). Let g(m) = q*r(m) + v(m). What is the tens digit of g(-6)?
3
Let x(o) = -o**2 - 2 + 5 + 2*o**2 + 5*o. Let a be x(-4). Let p(b) = -9*b**3 - b**2 - b. What is the units digit of p(a)?
9
Suppose 4*x = -1 - 3, 0 = -5*g + 3*x + 68. Let a = -16 + g. What is the units digit of (a/9)/(2/(-156))?
6
Suppose 139*n = 14*n + 138625. What is the units digit of n?
9
Let c(k) = k**2 + 27*k - 69. What is the tens digit of c(-33)?
2
What is the tens digit of (-6)/9 - 448/(-6)?
7
Suppose 0 = -2*a + 3 - 1, -5*t = -4*a - 3606. What is the units digit of t?
2
Suppose 0*h = -h + 212. What is the units digit of h?
2
Let t = -3296 - -5568. What is the thousands digit of t?
2
Suppose 4*n - 5*s - 16036 = 0, -2*s + 24 = 4*s. What is the thousands digit of n?
4
Let l(k) = 8*k - 1. Let u be l(-1). Let q = u - -12. Let h(j) = j**3 + 2*j**2 - 3*j - 4. What is the units digit of h(q)?
2
Let j be ((-60)/16)/(-3)*20. Let t be -2 + (4 + -3)*j. Suppose c = -b + t, 3*b = -4*c + 124 - 32. What is the units digit of c?
3
Let t = -44 - -48. Suppose -5*m = y - 252 - 15, 216 = t*m + 2*y. What is the tens digit of m?
5
Let g(c) = 2*c**2 + 22*c + 68. What is the tens digit of g(-9)?
3
Let s be (4/5)/((-4)/(-10)). Suppose s*o + 2 = 0, 40 = g - 3*o + 6*o. Suppose -6*h + g = -119. What is the tens digit of h?
2
Suppose 4*w + 218 = 2754. What is the units digit of (-2)/(-11) + w/22?
9
Let r(a) = 4*a**2 - 5*a - 1. Let k(u) = -4*u**2 + 4*u + 1. Suppose 4*v = -v + 15, -24 = 3*h - 4*v. Let w(g) = h*k(g) - 3*r(g). What is the units digit of w(-1)?
4
Let g be -3 + (1 + 0)*-1. Let d(t) = -9*t - 1. Let r be d(g). Suppose 5 = 4*y - r. What is the units digit of y?
0
Let u(g) = 24*g**3 + 2*g**2 - 4*g + 13. What is the tens digit of u(4)?
6
Let m(a) = a**3 - 2*a + 1393. What is the tens digit of m(0)?
9
Let w be ((-48)/2)/(-8 - -9). Let z = -20 - w. What is the units digit of z?
4
Let u = -408 + 650. Suppose 4*x = d + 396, u = 4*x - 3*d - 162. What is the units digit of x?
8
Let h(v) = v**2 - 9*v + 3. Let y be h(9). Let r be 9 + (4 - y - 0). Let d(s) = 3*s + 2. What is the units digit of d(r)?
2
Let z(t) = -20*t**2 - t + 2. Let l be z(2). Let v be (-4 - -4 - 1/(-1))*-43. Let x = v - l. What is the tens digit of x?
3
Suppose 4 + 16 = j. Let d = -18 + j. What is the units digit of d?
2
Let u(r) = -11*r. Let l be u(1). Suppose 0*n = n - 2*z - 21, -3*z - 41 = -2*n. Let x = l + n. What is the units digit of x?
8
Let i(g) = g**3 - 60*g**2 + 245*g - 153. What is the hundreds digit of i(56)?
0
Let x = 762 - 509. What is the units digit of x?
3
Let a(z) = -z**2 - 7*z + 9. Suppose 3*o - 2*o - 21 = 0. Let q = 13 - o. What is the units digit of a(q)?
1
What is the tens digit of (1 + 165)/(4/16)?
6
Let h(r) = -2*r**3 - 12*r**2 - 12*r - 32. What is the thousands digit of h(-11)?
1
Let c = 4492 - 1743. What is the tens digit of c?
4
Let j be (-2)/(-1)*(-11 + 22). Suppose j = -c + 25. Suppose 82 = -c*u + 5*u. What is the units digit of u?
1
Let q(k) be the first derivative of 23*k**2 - 4*k - 3. Let z be q(4). Suppose z = 5*b - 0*b - 5*o, 4*o = 5*b - 175. What is the tens digit of b?
3
Let k = 17 - -19. Suppose -8*v - k = -5*v. What is the units digit of (-18)/(-2 - v/8)?
6
Suppose 0 = -w + 3*w - 8. Suppose 0 = 3*l + 2*b + 7, 7*b = 4*l + w*b - 2. Let a = 5 + l. What is the units digit of a?
4
Let f(o) = -o**3 - 4*o**2 - 3*o - 2. Let k be f(-3). Let j = 6 + k. What is the units digit of (j/5)/(3/45)?
2
Suppose 4*s - 6*s = -1138. What is the units digit of s?
